/(i - 5). Is ((-130)/1 - d)*-1 composite?
False
Let s(t) = -3*t**2 + 2*t + t**3 + 71 - 147 + 77. Suppose -5*w - 3*v = -11, 0 = -w - 5*v - 0*v - 11. Is s(w) a composite number?
True
Let n(o) = 11*o**2 + 4*o + 3. Let f = 12 - 16. Is n(f) composite?
False
Suppose 2*c - c = -6. Let f = c - -8. Suppose 0 = -3*j + 2*s + 179, -2*s - f = 4*j - 222. Is j prime?
False
Suppose -16*d + 17*d - 671 = 0. Is d prime?
False
Let b = 0 + 2. Suppose -b*v = 3*v + 45. Let y = 52 + v. Is y a composite number?
False
Suppose 0 = -3*j + 21 + 210. Is j composite?
True
Let g(m) = -m**3 + 9*m**2 - 3*m - 13. Is g(-8) a composite number?
True
Suppose -4*y = -2*r + 36, -5*r + 165 = 5*y - 0*y. Let c = r + 39. Let w = c + -28. Is w a composite number?
True
Let g(i) be the second derivative of 0 + 0*i**3 + 55/2*i**2 - 2*i - 1/12*i**4. Is g(0) composite?
True
Suppose 74 + 258 = 4*g. Is g a composite number?
False
Let m = 2036 + -343. Is m composite?
False
Is (44172/8)/9 - (-1)/(-2) a prime number?
True
Suppose -2*l - 5*p + 6 = -33, 0 = 3*p - 15. Suppose 2*m - l*m + 25 = 0. Suppose 5*i - 445 = -t, 5*i = m*t + 287 + 158. Is i a composite number?
False
Let z(n) = 31*n. Let k(d) = 61*d - 1. Let v(g) = 3*k(g) - 7*z(g). Is v(-2) prime?
False
Suppose 4*h = d + 10, -3*d + 5*h - 9 + 0 = 0. Suppose d*o + 0*o = 70. Is o a prime number?
False
Suppose -r + 2*t - 5 = -2*r, -2*r - 5*t + 12 = 0. Let a = r + 2. Is a a prime number?
True
Let b(k) = k**3 + 2*k**2 - 9. Let y(a) = -2*a**3 - 3*a**2 + 10. Let g(d) = -3*b(d) - 2*y(d). Is g(6) prime?
True
Suppose -3*v = -8*v + 515. Is v prime?
True
Suppose f + 3001 = -f - 3*w, 5*f - 2*w = -7474. Is (-2)/(-4) + f/(-16) prime?
False
Let k be (-163)/((1/(-1))/1). Suppose 4*j - 5*o = 248, k = 3*j - 0*j + 2*o. Let z = 58 + j. Is z a prime number?
False
Let g = -4 - -10. Is 55 + 3/((-9)/g) prime?
True
Let v(y) = y + 4. Let u = 2 + -7. Let a be v(u). Is (1 + 0)*52 + a prime?
False
Suppose 5*f - 1195 = -5*z, -4*f - 5*z + 37 + 921 = 0. Is f a prime number?
False
Let o = 311 - 19. Suppose 3*g = 344 - 965. Let r = o + g. Is r composite?
True
Let l(o) = 26*o + 63. Is l(20) a prime number?
False
Let a(q) = -5*q**2 + 3*q + 2. Let i(y) = -14*y**2 + 9*y + 5. Let p(v) = 11*a(v) - 4*i(v). Let g be p(4). Is 6/(-9) - (-160)/g composite?
True
Let p = -277 - -618. Is p prime?
False
Suppose 2*w - 4*z = 846, -2*w - 3*w - 4*z = -2045. Is w prime?
False
Let j(u) = -u**2 - 6*u - 6. Let k(l) = l**2 + 7*l + 4. Let c be k(-5). Let w be j(c). Is ((-868)/8)/(3/w) composite?
True
Let v(k) = 2*k**2 + 2*k - 5. Is v(12) prime?
True
Let c(q) be the third derivative of q**6/120 - 7*q**5/60 + q**4/4 + 7*q**3/6 - q**2. Let l be c(7). Suppose 0 = -2*m + 3*m - l. Is m a composite number?
True
Suppose 4*d - 19 = 1. Suppose 3*c + 608 = d*c. Suppose -4*t + c = -52. Is t prime?
True
Is ((-21)/(-6))/(2/596) a prime number?
False
Let d(x) be the first derivative of -24*x**2 - 3*x - 3. Is d(-2) a prime number?
False
Suppose 0 = -4*x, 4*r = x + 2 + 6. Suppose -g + 10 = -r*m - 0*m, 0 = 2*m - 4. Is g a prime number?
False
Suppose 286 = -0*x + 2*x + 4*l, -l + 558 = 4*x. Is x a prime number?
True
Let m be -1 + (0 + 1 - -11). Suppose -4*s + 5*r + m = 0, -5*s + 0*r = -2*r - 18. Suppose -5*z = -3*b + 86, 9*b - s*b = z + 180. Is b a prime number?
True
Let z(r) = -2280*r - 13. Is z(-2) a prime number?
True
Suppose -2*k = 2*k - 24. Suppose 4*m - k - 30 = 0. Is m a prime number?
False
Suppose 2*l = 512 + 450. Is l prime?
False
Is 39170/4 + 13/26 a composite number?
True
Suppose 2*h + 120 - 304 = 0. Let m = 7 + -3. Suppose s = -s + p + h, -m*p - 86 = -2*s. Is s a prime number?
True
Let r be -144*(-2 - 5/(-2)). Let g = 22 - r. Is g composite?
True
Let w be -1*2 - (1 + 2). Is (-2)/5 + (-197)/w a prime number?
False
Let j(m) = -5*m**2 + 8*m. Let t(i) = 14*i**2 - 23*i. Let u(p) = 11*j(p) + 4*t(p). Let z be u(3). Is 6 + z*3/(-9) prime?
True
Let s(j) = -3*j**2 - 10*j + 2. Let k(l) = 16*l**2 + 51*l - 9. Let w(o) = 2*k(o) + 11*s(o). Let n be (-1)/(1 + 18/(-21)). Is w(n) prime?
True
Let c(q) = -20*q**3 - 3*q**2 - 2*q + 9. Is c(-4) a composite number?
False
Let j(w) = -w**2 + 8*w + 4. Let o be j(8). Suppose o*m - 4*v - 548 = -0*m, -4*m = 5*v - 521. Is m prime?
False
Let g = 1353 - -128. Is g prime?
True
Suppose 2*n = -2, -2*m = -3*m + 4*n + 2. Is m*2/(4/(-83)) composite?
False
Let r(p) = 5*p**3 - 2*p**2 - 7*p + 4. Let t(w) = -14*w**3 + 5*w**2 + 20*w - 11. Let s(n) = -8*r(n) - 3*t(n). Is s(2) a composite number?
False
Let z be (0/(-1))/(8 - 6). Suppose -b + 310 - 11 = z. Is b a prime number?
False
Suppose 2*o = -0*o. Suppose o*r - 2*r + 28 = 0. Is r composite?
True
Suppose 5*v = 3*f - 2, -f - 4*f + 3*v = 2. Is f + (46 + 1 - -1) composite?
False
Let w = -75 + 206. Is w composite?
False
Suppose 4*k = -3*r + 1265, -4*r - 1588 = -5*k - r. Is k a composite number?
False
Suppose -2*c + 4*b = -1346, 2*b - 2 - 6 = 0. Is c a composite number?
True
Let t(m) = m + 17. Let p be t(-7). Let f(k) = 15*k + k**2 + 8 - 2*k**2 - 21. Is f(p) a prime number?
True
Suppose -4 = r + 2. Let l be ((-18)/(-15))/(2/5). Is 56/l + (-2)/r a composite number?
False
Suppose -2*l - 63 = a - 254, 4*a + 352 = 4*l. Let c = l + -56. Is c composite?
False
Suppose -2*k + 0*k - 3*c = 205, 2*k = 4*c - 184. Let v be k/(-4)*(4 - 2). Suppose 3*j - 5*j + 5*n = -v, -4*j - n + 153 = 0. Is j a prime number?
True
Suppose -2*z - i - 154 = z, 4*z + 201 = 3*i. Let k(q) = q**3 - q**2 - q + 86. Let t be k(0). Let l = z + t. Is l a prime number?
False
Let y(b) = -b**3 - 3*b**2 - 2*b - 2. Let t be y(-6). Suppose -4*v - 4*p = -6*v + t, -5*p - 74 = -v. Is v a composite number?
True
Suppose -4*o + 25 = w, 3*o + 5 + 0 = 4*w. Suppose -8 = -2*c - 3*j - 2*j, -o*c + 3*j - 11 = 0. Let g(i) = -i**3 - 2*i - 1. Is g(c) a prime number?
True
Let n be ((-6)/1)/((-6)/80). Let v = n + -43. Is v a prime number?
True
Let m(b) = 12*b - 6. Let n be m(-3). Suppose -5*l + 10*l = -c + 389, l - c - 73 = 0. Let k = l - n. Is k a prime number?
False
Let p(h) = -5*h - 14. Let m be p(-10). Suppose -1151 = -5*n - m. Is n a prime number?
True
Suppose 4*a - 5*r = 495, 3*a - 2*r - 572 = -192. Suppose -2*s = -124 - a. Is s a prime number?
True
Let i = -749 + 1056. Is i prime?
True
Let c = 0 - 0. Suppose 3*j - 7*j - 8 = c. Is (-3)/j + 561/6 a prime number?
False
Let y = -66 + 22. Is y/(-2) + -4 + 1 composite?
False
Let q = 5 - 2. Suppose -4*v + 925 = -q*j, -5*j - 920 = -4*v - j. Is v a prime number?
False
Suppose 2*i - i = 2. Suppose -2*c = -8 + i. Suppose 325 + 146 = c*o. Is o prime?
True
Suppose -j + 5*j = n, -n = 3*j - 14. Let h be (-4)/(-16) + 726/n. Suppose -4*x = -9 - h. Is x composite?
True
Let r(j) = -7*j + 12. Let m be r(-7). Suppose 0 = -o + 7*l - 2*l + 82, -o = 2*l - m. Is o composite?
False
Suppose 3*x + l = 1190 - 295, 3*x - 890 = 4*l. Is x a prime number?
False
Let u = 2728 - 641. Suppose u = 5*r - 728. Is r composite?
False
Let d(k) be the second derivative of k**4/12 - k**3/6 - 11*k**2/2 + 8*k. Is d(13) composite?
True
Let f be ((-216)/(-3) - 2) + 2. Let l be (-12)/8*136/(-3). Suppose l = 4*y - f. Is y a prime number?
False
Is 154/21*(-21)/(-2) prime?
False
Suppose h - 4*s = -h + 18, 4*s + 28 = 4*h. Suppose 4*m - 72 = 392. Suppose -39 = -h*l + m. Is l a composite number?
False
Let i(j) = 5*j + 1 - 3*j - 3*j - 3. Let b be i(-7). Suppose 30 = -5*d - b*w + 250, 5*w = -d + 64. Is d prime?
False
Let i = -8 + 162. Suppose -27 = -s - s + 3*c, c + 29 = 2*s. Let b = i - s. Is b a composite number?
False
Suppose 2*b = 5*b. Suppose b = -3*w + x + 17, 4*x + 3 = -4*w - 1. Suppose y - w*c = -2*c + 29, -39 = -y - 3*c. Is y a prime number?
False
Suppose 0*z = 4*k - 2*z - 20, -3*z = 6. Suppose -2*v + k*n + 58 = 0, 3*v + 3*n = -2*n + 54. Is v a composite number?
False
Let s(c) = 2*c**2 + 10*c - 1. Let a be s(-7). Let k = 6 - a. Is (k - 1)/((-10)/15) composite?
True
Let f be (-426)/(-27) - (-4)/18. Suppose 5*k - 1 = -f. Let r = k + 118. Is r prime?
False
Suppose 7*b - 2*b + 13 = 2*m, 3*b + 3 = 0. Let c = 47 + 11. Suppose -3*r + m*r = c. Is r a prime number?
False
Suppose -3*h - h + 10 = 2*q, -5*h = -q - 23. Suppose 0 = -h*v + 6 + 110. Let c = v + 8. Is c composite?
False
Let m be 1 + 1 + (-13 - 1). Let t be 4/(-6) - 1520/m. Is (-4)/6*t/(-6) a composite number?
True
Suppose 153 = b - 626. Is b composite?
True
Supp